 c, -d - p = -2*d - 3*i. What are the prime factors of d?
73
Suppose 0 = 5*o + 4*d + 45, 2*d - 77 = 4*o - 3*d. Let q(x) = -x**3 - 12*x**2 + 13*x + 9. Let m be q(o). Let v = 25 + m. What are the prime factors of v?
2, 17
What are the prime factors of (-48)/5*(-500)/6?
2, 5
Suppose -8*v = -2297 - 2007. What are the prime factors of v?
2, 269
Let x(f) = f**3 - 7*f**2 + f + 4. Let g be x(8). Let q = -110 + g. Let a = 9 - q. What are the prime factors of a?
43
Let s = -453 + 1670. List the prime factors of s.
1217
Suppose -n + 6 = 3. Let u be 2/(n/(12/8)). What are the prime factors of -2*(2 - u) + 28?
2, 13
Let y = -8 + 24. Let k be y/(-2)*(-65)/(-26). Let v = k + 37. List the prime factors of v.
17
Suppose 4*v - 845 = a + 1003, 4*v + 2*a - 1836 = 0. List the prime factors of v.
461
What are the prime factors of (5 + 1)/((-18)/(-5211))?
3, 193
Let r(h) = h**3 - 3*h**2 + 3*h + 2. Let u be r(2). Let w(v) = v + 16. What are the prime factors of w(u)?
2, 5
Let j(r) = 7*r**2 + 2*r + 1. Let q be j(-1). Suppose -6*n + q = -4*n. Suppose n*w - 4*w = -15. What are the prime factors of w?
3, 5
Suppose 8*q - 253 = -189. Let d(c) = c**2 + 5*c - 6*c - 5*c - 6. List the prime factors of d(q).
2, 5
Let a = 50 + -36. Let s = 13 - a. What are the prime factors of ((-8)/6)/(s/24)?
2
Let g = 286 - 174. List the prime factors of g.
2, 7
Let k(g) = 485*g - 1. What are the prime factors of k(1)?
2, 11
Suppose -2*c + 4*x + 850 = 2*x, -1254 = -3*c - 4*x. List the prime factors of c.
2, 211
Suppose 0 = 15*q - 19*q + 8. Suppose 2*a + q*b = 8 + 16, a + 2*b = 8. What are the prime factors of a?
2
Let a = 30 + -54. Let o = 146 + a. List the prime factors of o.
2, 61
Let b(o) = 97*o + 210. What are the prime factors of b(8)?
2, 17, 29
Let j be (-2)/4 + (-401)/(-2). Suppose 0 = -5*f + 5*v + j, v = -f + 12 + 28. Suppose -2*l + 24 = -f. List the prime factors of l.
2
Let r = 99 + -98. Let i(h) = 36*h + 5. What are the prime factors of i(r)?
41
Let t = -2143 + 3478. List the prime factors of t.
3, 5, 89
Suppose -2*y = -11*y - 882. What are the prime factors of (72/(-21))/(4/y)?
2, 3, 7
Let p = 8 + -5. Let d be (8/(-4) - -13)*p. What are the prime factors of 144/10 + d/55?
3, 5
Let f(q) = 3406*q - 80. What are the prime factors of f(1)?
2, 1663
Let b = 2561 + -1463. What are the prime factors of b?
2, 3, 61
Let y be (-3)/(-6)*(2 - -2). Let b be (-5)/(1 - y) - 3. Suppose -5*z = -b*z - 6. What are the prime factors of z?
2
Let d be 16/6 + (-4)/(-3). Suppose -2 = i - 3*k, 2*i + 0*i + d*k - 16 = 0. Suppose 0 = -i*t - 2*z + 162, 5*t + 2*z = 112 + 93. What are the prime factors of t?
43
Let n = -11 + 11. Let c(i) = -2*i + i + 1 + 2 + n*i. What are the prime factors of c(-5)?
2
Let p(n) = 14*n + 7. Let c be p(-4). Let m = 110 + c. What are the prime factors of m?
61
Let d = 19 + -9. Suppose -d*n = -15*n + 345. List the prime factors of n.
3, 23
Suppose 5*p + 6 = -84. What are the prime factors of p/90 + 142/10?
2, 7
Let y be -1 - -3*(-2 - -3). Suppose 288 = y*i + 2*i. Suppose -z + i = z. List the prime factors of z.
2, 3
Let z(s) = s**3 + s**2 + 0*s**3 + 22 - 3*s**3 + s**3 - s. What are the prime factors of z(0)?
2, 11
Let z(i) = 4*i - 7. Let c be z(5). Let o = 6 - c. Let a(w) = w**3 + 7*w**2 - 2*w - 4. List the prime factors of a(o).
2, 5
What are the prime factors of -2*(-3 - -140)*-1?
2, 137
Suppose 5 = 2*a - 3, 2*a = t + 4. List the prime factors of (2/t)/(2/860 + 0).
5, 43
Let g(m) = -53*m + 635. List the prime factors of g(-68).
3, 157
What are the prime factors of -7 - (-1 - 7) - (-1713)/1?
2, 857
Let a be -4 - -8 - -2 - 2. Let n(i) = i**3 - 2*i**2 - 4. Let g be n(a). Let s = 31 - g. List the prime factors of s.
3
List the prime factors of (-2043 - 0)*(-24)/36.
2, 3, 227
Let i(z) = 26*z - 39. Let j(n) = -53*n + 78. Let s(r) = 7*i(r) + 3*j(r). What are the prime factors of s(6)?
3, 11
Let a be 7/(4 + -3)*(-3)/(-3). Let q(i) = i**3 - 3*i**2 - 12*i + 10. What are the prime factors of q(a)?
2, 61
Suppose 30 = 2*r - z, -14 = z - 16. List the prime factors of r.
2
Suppose c + 1 + 11 = 0. Let t = c + 14. Suppose -3*j = t*j - 120. What are the prime factors of j?
2, 3
Let t = -308 - -301. Let z(l) = -l**2 + 2*l**2 - l + 0*l - 9. What are the prime factors of z(t)?
47
Let l = -232 + 234. Let o be -2 - (1 + -1*8). Suppose l*b = o*b - 12. List the prime factors of b.
2
Suppose 25*b - 39*b = -182. What are the prime factors of b?
13
Let g = -76 - -35. Suppose 14*i - 2*i = 0. Let n = i - g. What are the prime factors of n?
41
Suppose -5*b - 3*l = -12470, 0 = 2*b + 2*l - 6052 + 1064. List the prime factors of b.
2, 29, 43
Let t(j) = -513*j + 32. List the prime factors of t(-1).
5, 109
List the prime factors of (-2)/(-9) - 12/(-162)*19302.
2, 5, 11, 13
Suppose -3*y + 668 + 109 = 0. Suppose 4*i - 3*u - y = 431, 3*i - 519 = 3*u. List the prime factors of i.
3, 19
Let z(k) = -k**3 + 2*k**2 + 4*k - 2. Let g be z(3). Suppose 12 = 2*a - w, 0 = -2*a - w - 0*w + 4. Let m = a - g. What are the prime factors of m?
3
Suppose -20 = -7*m + 22. Suppose m*a - 41 = 37. List the prime factors of a.
13
Let l(a) = 14*a - 1. Let t(h) = h**3 - 8*h**2 - h + 9. Let z be t(8). Let b be l(z). Let r(q) = -q**2 + 14*q - 11. What are the prime factors of r(b)?
2
Suppose 2*x + 4*r + 40 = 6*x, -r = -2*x + 15. Let z(u) = 2*u**2 + 13*u - 3. Let i be z(-7). Suppose 44 = -i*v + x*v. List the prime factors of v.
2, 11
Suppose 4*b - 410 = -0*b - 3*j, -5*j = -4*b + 426. List the prime factors of b.
2, 13
Let z = 49 - 25. What are the prime factors of z/72*(236 - -1)?
79
Suppose 0 = 5*j - 4*v - 5, -2*v + 0 = 4*j - 30. Suppose r - j*r = -212. List the prime factors of r.
53
Let w(h) = h**3 + 8*h**2 + 28*h - 1 - 22*h + 0. Let s be w(-6). Suppose 2*k - l = s, -5*l - 2 = 2*k - 7. List the prime factors of k.
3, 5
Let y(w) = 2 - 164*w + 5*w**2 + 164*w. List the prime factors of y(3).
47
Let z be (17 + -16)/(2/26). Let i be 5/15*(z - 1). List the prime factors of 4/(i - 0) - -34.
5, 7
Let i = 3 + 7. Suppose i = b + b. Suppose -6*g = -7 - b. What are the prime factors of g?
2
Let t(v) = 778*v + 54. What are the prime factors of t(5)?
2, 17, 29
Let i(z) = 5*z + 1. Suppose -4 = -2*o - 2*o. Let n be i(o). What are the prime factors of n/(-2) + (18 - -3)?
2, 3
Let u(d) = 3 + 9 - 2 + 7*d + 29*d**2. List the prime factors of u(-2).
2, 7
Let z = -145 - -225. Suppose 22 + z = 6*o. What are the prime factors of o?
17
Suppose 2*k = 3*k + 6. What are the prime factors of 8/12 - 176/k?
2, 3, 5
Let u(o) = 29*o + 224. What are the prime factors of u(18)?
2, 373
Let w = -140 + 210. Let y = -5 + w. Let r = -1 + y. List the prime factors of r.
2
What are the prime factors of 1/((-6 + 25420/4236)*1)?
3, 353
Let u = -35 + 37. Suppose u*j = -4*j + 468. What are the prime factors of j?
2, 3, 13
Suppose -4*g - 520 = -s, -s + 3*g = -4*s + 1500. List the prime factors of s.
2, 3, 7
Let g be (-3 - 1) + (-35)/(-5). Suppose -4*j = 3*x - 335, -g*x + 336 = 4*j + x. What are the prime factors of j?
83
Let d(s) = 16*s**2 + s - 29. Let q be d(5). Suppose n - q = -7*n. What are the prime factors of n?
47
Let x = 5 - 1. What are the prime factors of (8/x)/(4/6)?
3
Let s(n) = 3 - 2 - 17*n + 1. Suppose 14*d + 8 = 10*d. List the prime factors of s(d).
2, 3
Let u(r) = -26*r - 20. What are the prime factors of u(-5)?
2, 5, 11
Let s(k) = -4*k - 15. Let w be s(8). Let x = w - -99. Let d = 87 - x. What are the prime factors of d?
5, 7
Let n = 575 + 323. List the prime factors of n.
2, 449
Suppose l + 5*w - 1085 - 161 = 0, 5*l + w = 6230. What are the prime factors of l?
2, 7, 89
Let m(b) = -b**3 + 11*b**2 - 11*b + 10. Let i be m(8). Suppose -3*l = 5*q - i, -23 = -l - 3*q + 11. List the prime factors of l.
43
Suppose 58496 = -277*t + 293*t. List the prime factors of t.
2, 457
Let y(o) = 6*o**3 + 2*o**2 - 1. Let n be y(4). Suppose 38*m - n = 33*m. What are the prime factors of m?
83
Suppose -5*x - 27337 + 9376 = -4*i, -5*x + 22440 = 5*i. What are the prime factors of i?
67
Suppose -y - 4 - 1 = 0, y + 196 = x. Let n = -2 + x. What are the prime factors of n?
3, 7
Let s = 8 + -4. Suppose -x = s*x - 35. Suppose 2*i = -5*v + x + 17, -2*i - 4*v + 26 = 0. What are the prime factors of i?
17
Let o = 71 + -69. Suppose o*q - 53 = 167. List the prime factors of q.
2, 5, 11
Let m(u) = -14*u